e of w(p). Determine d(0).
1
Let t(u) = 2*u + 2. Suppose 0 = -0*r - r + 3. Suppose i = -r*i + 8. What is t(i)?
6
Let x(s) = -2*s + 5. Let h(n) = -n**2 - 16*n + 22. Let v be h(-17). Determine x(v).
-5
Let u be ((-4)/8)/(1/(-4)). Let p(f) = -2*f - 4 - f + u*f + 1. Let h(d) = 6*d**3 - 2*d + 1. Let t be h(1). Determine p(t).
-8
Let g(s) be the second derivative of -s**5/20 + s**4/12 + s**3/6 - 3*s**2/2 - 2*s. Suppose 0 = -5*u + 11 + 24. Let w = 7 - u. What is g(w)?
-3
Let k(b) be the first derivative of -b**3/3 - b**2 - 4*b + 2. Calculate k(-4).
-12
Suppose 3*p + 9 = 27. Suppose -p*v + 2*v = -12. Let d(y) = 2 + y**v - y**2 - y + 0*y - 3*y**2. Give d(4).
-2
Let n(a) = -a**3 - 16*a**2 - 14*a - 10. Let z(o) = o**3 + 17*o**2 + 14*o + 11. Let v(g) = -3*n(g) - 2*z(g). What is v(-13)?
-5
Let m(h) = -h**2 - 15*h + 6. Let j be m(-15). Let p(n) = -2*n - 1. Give p(j).
-13
Let b = -28 + 28. Let m(v) = v**2 + 4. Give m(b).
4
Let x(w) = -w**2 - w + 1. Let r be x(-2). Let u(h) = h - 6. Let p be u(10). Let y(m) = 2*m**2 - 5 - 4*m**2 + p. Calculate y(r).
-3
Let n(g) = g**2 - 5*g + 4. Suppose -1 = -l - 3*z + 2, 2*z = 6. Let j = 11 + l. Calculate n(j).
4
Let x(m) = -m + 11*m**2 - 5*m**2 + m**3 - 3 + 1. Determine x(-6).
4
Let g(h) = -h - 5. Let o(j) = 7*j - 1. Let c(k) = 3*k. Let v(q) = -5*c(q) + 2*o(q). Let z be v(3). Give g(z).
0
Let c(i) = -22 - 12 + 38 - 4*i - i**2. Calculate c(-4).
4
Let b(n) be the third derivative of -n**6/120 - n**5/15 + 7*n**4/24 + 2*n**3/3 + n**2 + 32*n. Determine b(-5).
-6
Let x(b) = -6*b - 1. Let v(z) be the second derivative of z**3/6 + z**2 + z. Let p be v(-3). What is x(p)?
5
Let g(u) be the second derivative of u**4/12 + u**3 - 3*u**2/2 + 11*u - 1. Let w(i) = i**2 + 5*i - 3. Let c be w(-5). Give g(c).
-12
Let q = -6 - -6. Let g(m) = 3*m**3 - 2*m**2 + 3*m - 3. Let n(a) = -10*a**3 + 7*a**2 - 10*a + 8. Let v(c) = 7*g(c) + 2*n(c). What is v(q)?
-5
Let p(a) = -a**3 - 13*a**2 + 4*a + 11. Let i(n) = -n**3 - 12*n**2 + 3*n + 10. Let q(d) = 7*i(d) - 6*p(d). Suppose 15*b + 25 = 10*b. Give q(b).
-6
Let b(j) = -3*j - 2 - 1 - 1 + j. Let p be 9/(-2) + 5/(-10). Calculate b(p).
6
Let m(x) = 2*x + 3. Let t = 10 + -6. Suppose 3*l - n = -28, 4*n = l + 6*n. Let w be 18/t*l/(-12). What is m(w)?
9
Let w(i) = -3*i. Let n(r) = -2*r - 11. Let j be n(-8). Suppose -j*a + 2*v + 17 + 8 = 0, 0 = -2*a - 4*v + 10. Determine w(a).
-15
Let k(i) = -3*i. Let a = 31 - 33. Calculate k(a).
6
Let k(y) be the third derivative of -y**4/24 + 2*y**3/3 - 16*y**2. Give k(-4).
8
Let a(z) = -2 + 2 + 5 - z - 6. Calculate a(-4).
3
Suppose -3*z + z + 6 = 0. Let g(f) = -3*f**2 + 3*f - 6. Let j(o) = 2*o**2 - 2*o + 4. Let h(v) = -5*g(v) - 8*j(v). Calculate h(z).
-8
Let s(n) be the second derivative of -n**3/3 - 3*n**2/2 - 10*n. What is s(3)?
-9
Let a(f) = 3*f**2 + 2*f - 2. Let x be a(3). Suppose -6*u = -u - k - 11, 4*k = -5*u + x. Let i(t) = -2*t**2 + 3*t. Determine i(u).
-9
Let n(o) = -o**3 - 2*o**2 + o + 1. Let g = 7 + -6. Let h(p) = -p. Let l be h(4). Let u = l + g. What is n(u)?
7
Let c(q) = q**3 - 3*q**2 - 6*q + 5. Let d = 12 + 8. Let k = d + -16. What is c(k)?
-3
Suppose 4*c - u = -23, c = 3*c - 2*u + 16. Let r be (c/(-4))/(2/8). Let k(o) = -5*o + o**2 + 0 - 2 + 2. Calculate k(r).
0
Let r(k) = k - 7. Let m be r(3). Let p(y) = y**2 + 4*y - 1 + 2 + y. Calculate p(m).
-3
Let h(g) = 1 - 8*g + 4*g + g. Determine h(-2).
7
Suppose -2*i = -1 - 1. Suppose 5 + i = 3*v. Let t(z) = -1 + 2*z**2 + 224*z - 225*z + 3. Give t(v).
8
Suppose -5*j + 3*b = -3*j - 16, 3*j - 13 = -b. Suppose j = 4*d - 11. Suppose -y + 10 = h, -4 = -5*h + d*y + 1. Let p(t) = -t**2 + 5*t - 2. Determine p(h).
-2
Let j(y) = -y - 12 - 2*y**2 + 7 + 6. Suppose 4*r - m = 13, -4*r + 4*m = -19 - 9. Suppose -3*i = 8 - r. Give j(i).
-5
Let j(s) = s**2 + 3*s + 1. Let t be j(-4). Let y(d) = d**3 - 4*d**2 - 2*d - 5. What is y(t)?
10
Let k(j) = 1 + j - 1 + 2. Let c(d) = d**2 + d + 2. Let s be c(0). What is k(s)?
4
Suppose 5 = 5*p - 5. Let b(w) = 2*w**3 + 1 - w**3 + 4 + 4*w**2 + p*w. Suppose -9 = -5*f + 3*x - 41, 5*f + 28 = 2*x. Give b(f).
-3
Let a(u) = -u - 2. Let l(m) = -m**3 - 11*m**2 + 13*m + 9. Let b be l(-12). Determine a(b).
1
Let r(z) = 2*z - 2. Let p = 16 + -12. What is r(p)?
6
Let i(z) = -z**2 - 1. Let n(y) = 2*y - 9. Let f be n(6). Suppose f*j = -2*j. Determine i(j).
-1
Let b(f) = -3*f**2 + 3*f - 3. Let w(s) = -2*s**2 + 3*s - 3. Let m(i) = -i**3 + 8*i**2 - 8*i + 4. Let z be m(7). Let r(g) = z*b(g) + 4*w(g). Determine r(2).
7
Let z(s) = 2*s - 7. Let v be z(5). Let u(r) = -r**2 + 8*r - 3. What is u(v)?
12
Suppose 0 = h + 4*w + 7, 16*h - 14*h = -w + 14. Let g(u) = -u + 8. What is g(h)?
-1
Let x be (-5 - -4)/((-2)/6). Let r be 4 + (x + -2 - 3). Let a(i) = -4*i + 1. Give a(r).
-7
Suppose -8 = 3*c - 7*c. Let r(s) = -c*s - s + s. Let l be 4/(-3)*(-12)/8. Determine r(l).
-4
Let v(p) = 2. Suppose 5*b + 5 - 60 = 0. Let j(q) = -q - 12. Let u(s) = b*v(s) + 2*j(s). Let o = 23 + -26. Calculate u(o).
4
Let h(l) = -l. Let f(n) = -2*n + 7. Let g be f(8). Let s = 3 + g. Determine h(s).
6
Let w(s) = -s**2 - 2*s - 1. Let i be w(-1). Suppose i*l = -l. Let v(u) = u**3 + 0*u**2 + 0*u**2 + 6. Give v(l).
6
Let p be 2/9 - 4/18. Let h(f) = -5 + 19 - f - 4 - 3. What is h(p)?
7
Let l be (-144)/84 - (-4)/(-14). Let m(f) = -f**2 - f. Let w(t) = -3*t**2 - t - 1. Let g(x) = 4*m(x) - w(x). What is g(l)?
3
Let u be (-1 - (-3 - -2))/(1 - -1). Let f(w) = 3*w**2 - 2 - 4*w**2 + 6 - w. Calculate f(u).
4
Let z = 29 + -17. Suppose -p + z = 5. Let m(o) = -o**3 + 8*o**2 - 6*o. Give m(p).
7
Let w(c) = -c**2 + 4*c + 3. Let h(y) = -5*y - 4. Let q be h(-2). What is w(q)?
-9
Let r(b) = b**3 + 7*b**2 + 8*b + 7. Suppose 8*k - 6*k + 12 = 0. What is r(k)?
-5
Let n(m) be the third derivative of m**6/120 - m**5/12 + m**4/24 - m**3/2 + 34*m**2 - 2*m. What is n(5)?
2
Let t(z) = z - 4. Let x be t(4). Suppose x = -4*c - 2*d + 12, -c = -0*c + 3*d - 8. Let h(r) = 8*r + 3*r**c - 4*r**2 - 4*r + 7. What is h(5)?
2
Let h(b) = -b**3 + 5*b**2 + b - 6. Let m be h(5). Let p(r) = -2*r**3 - 2*r**2 - 2*r - 1. Calculate p(m).
1
Let x(c) = -16 + 88*c + 2 - 87*c. Give x(9).
-5
Let u = -2 + 4. Let q(n) = -6 - n - 5 + u. Let d be -2*(-2 + 18/4). Calculate q(d).
-4
Let a = 1/14 + 5/28. Let z(j) be the first derivative of 4 + 2/3*j**3 + j + a*j**4 - 2*j**2. Determine z(-3).
4
Let f be -2*14/8 - (-2)/(-4). Let r(a) = 2*a**2 + 6*a + 3. What is r(f)?
11
Let z(j) = 11 + 3 - 10 + j - 22. Give z(14).
-4
Let j(o) be the second derivative of o**4/12 + o**3/3 + 3*o**2/2 + 2*o + 13. Give j(-3).
6
Let y(d) = 10*d + 1. Suppose -3*q - 2*g = 3*g - 18, 5*g = 15. Give y(q).
11
Let h(k) = -k**2 - 5*k. Let r = -7 - -10. Suppose 9 = r*l - 0. Suppose -16 = l*f - 4. What is h(f)?
4
Let p(y) = y**2 - 5*y + 4. Let k be p(3). Let h(b) = 19*b**2 - 14*b - 9. Let m(t) = 12*t**2 - 9*t - 6. Let r(n) = 5*h(n) - 8*m(n). Determine r(k).
-5
Let a(u) = -u**2 + u + 14. Suppose -19*f + 20*f = 0. Give a(f).
14
Suppose -2*o = -7*o - 25. Let s(b) = b - 1. What is s(o)?
-6
Let c(j) = 3*j - j - 3*j**2 + 4 + 2*j**2 + 3*j. Suppose g = 1 + 3. Calculate c(g).
8
Let a(p) be the third derivative of -p**8/1344 + p**7/1260 - p**6/720 + p**4/8 - 3*p**2. Let s(c) be the second derivative of a(c). Give s(1).
-4
Let l(d) = -16*d**2 - 1. Let z(y) = -32*y**2 - 2. Let i(p) = -9*l(p) + 4*z(p). Calculate i(1).
17
Let y = -3 - 1. Let a be (-7)/(-2) + (-1)/(-2). Let i(g) = 3*g**3 - g**3 - 1 + a*g**2 - g**3. What is i(y)?
-1
Let u(c) be the third derivative of c**5/30 + c**4/12 + c**3/3 - 2*c**2. Give u(-2).
6
Let m(w) = 1 + w**3 - 2*w**2 - 2*w**2 - w**2. Let s(f) = -f + 9. Let u be s(-6). Suppose u = z + 2*z. Determine m(z).
1
Let i(r) = 4*r - 6*r - 3*r + 0*r. What is i(1)?
-5
Let q(d) = -d**3 + 2*d**2. Let c(l) = -8. Let v(a) = a - 33. Let x(t) = 9*c(t) - 2*v(t). Let w be x(-4). Let r be q(w). Let i(h) = -h**3 + h**2 - 7. Give i(r).
-7
Let j(r) be the second derivative of r**6/30 - r**5/120 - r**3/3 - 3*r. Let f(x) be the second derivative of j(x). Determine f(1).
11
Let i(j) be the second derivative of -3/2*j**2 + 0 - 2*j - 1/2*j**3. Let w(k) = k**3 - 5*k**2 - k + 2. Let q be w(5). Calculate i(q).
6
Suppose 3*p - 3*j + 30 = 0, 3*j = 2*p - 4*p - 5. Let g(k) = -k**2 - 4*k + 9. What is g(p)?
-12
Let t(o) = o**3 - 5*o**2 + o - 2. Let a(s) = 5*s**3 - 21*s**2 + 3